rime factors of 1185112665?
3, 5, 11, 2394167
What are the prime factors of 6993489382?
2, 11, 317885881
What are the prime factors of 512973343?
19, 631, 42787
List the prime factors of 687777378.
2, 3, 41, 67, 41729
List the prime factors of 3632341074.
2, 3, 17, 19, 1187, 1579
List the prime factors of 36375259.
23, 1581533
What are the prime factors of 117076566?
2, 3, 41, 475921
What are the prime factors of 68248040?
2, 5, 7, 71, 3433
What are the prime factors of 1562758677?
3, 17, 37, 829
List the prime factors of 5265873.
3, 23, 25439
What are the prime factors of 586886053?
13, 17, 101, 26293
List the prime factors of 145982757.
3, 17, 19, 79, 1907
List the prime factors of 1739743883.
1739743883
What are the prime factors of 922197173?
13421, 68713
What are the prime factors of 1293630184?
2, 7, 11, 300007
What are the prime factors of 30049427?
30049427
List the prime factors of 39414414.
2, 3, 13, 505313
What are the prime factors of 56339631?
3, 59, 11789
What are the prime factors of 120180132?
2, 3, 1112779
What are the prime factors of 212989884?
2, 3, 97, 182981
List the prime factors of 15433356.
2, 3, 557, 2309
List the prime factors of 89546782.
2, 13, 3444107
List the prime factors of 21804473.
349, 62477
List the prime factors of 2079191915.
5, 79, 83, 63419
List the prime factors of 4817546297.
4817546297
What are the prime factors of 5740633?
5740633
What are the prime factors of 49757046?
2, 3, 31, 267511
List the prime factors of 880001826.
2, 3, 11, 13333361
What are the prime factors of 20316781?
20316781
List the prime factors of 8121755160.
2, 3, 5, 73, 199, 1553
What are the prime factors of 972026519?
37, 53, 495679
What are the prime factors of 459590334?
2, 3, 7, 73, 149899
List the prime factors of 7272229296.
2, 3, 127, 1192951
List the prime factors of 159891121.
13, 59, 208463
List the prime factors of 308163039.
3, 23, 4466131
What are the prime factors of 28075198?
2, 19, 811, 911
What are the prime factors of 293897787?
3, 97965929
List the prime factors of 4394249814.
2, 3, 19, 31, 1243421
List the prime factors of 94568586.
2, 3, 7, 17, 19, 6971
What are the prime factors of 33360206?
2, 11, 149, 10177
What are the prime factors of 49621285?
5, 7, 1417751
List the prime factors of 66936354.
2, 3, 19, 41, 14321
What are the prime factors of 115553082?
2, 3, 347, 55501
List the prime factors of 320280789.
3, 106760263
What are the prime factors of 5408479461?
3, 7, 11, 2081, 11251
List the prime factors of 49722756.
2, 3, 17, 223, 1093
List the prime factors of 3821841153.
3, 13, 32665309
List the prime factors of 112280297.
112280297
List the prime factors of 1260576331.
7, 47, 89, 43051
What are the prime factors of 139445735?
5, 11, 13, 195029
List the prime factors of 8215715.
5, 23, 199, 359
List the prime factors of 25834114.
2, 47, 274831
What are the prime factors of 33562002?
2, 3, 5593667
What are the prime factors of 137558153?
139, 199, 4973
List the prime factors of 4305340.
2, 5, 13, 29, 571
List the prime factors of 145901340.
2, 3, 5, 13, 62351
What are the prime factors of 414017434?
2, 23, 9000379
What are the prime factors of 2656850912?
2, 409, 202999
What are the prime factors of 22641234?
2, 3, 7, 11, 7001
What are the prime factors of 581545190?
2, 5, 283, 205493
What are the prime factors of 393616862?
2, 196808431
What are the prime factors of 667630607?
7, 19, 59, 85081
List the prime factors of 117110841.
3, 17, 67, 34273
What are the prime factors of 353802178?
2, 409, 523, 827
List the prime factors of 176951218.
2, 19, 547, 8513
What are the prime factors of 1975097242?
2, 43, 22966247
List the prime factors of 2937754366.
2, 1468877183
List the prime factors of 59429211.
3, 19809737
List the prime factors of 20490623.
20490623
List the prime factors of 2009038225.
5, 283, 443, 641
What are the prime factors of 2746901249?
151, 18191399
List the prime factors of 164070066.
2, 3, 71, 385141
List the prime factors of 401543631.
3, 313, 142543
List the prime factors of 122945765.
5, 2269, 10837
List the prime factors of 756236644.
2, 1543, 122527
What are the prime factors of 398794830?
2, 3, 5, 7, 271289
List the prime factors of 212218413.
3, 11, 53, 67, 1811
What are the prime factors of 55016209?
3361, 16369
List the prime factors of 47483265.
3, 5, 271, 11681
What are the prime factors of 919633735?
5, 137, 1342531
What are the prime factors of 74793813?
3, 29, 43, 19993
List the prime factors of 2324563895.
5, 464912779
What are the prime factors of 120211548?
2, 3, 509, 19681
List the prime factors of 670312391.
7, 23, 761, 5471
List the prime factors of 386430.
2, 3, 5, 11, 1171
What are the prime factors of 5512559446?
2, 167, 16504669
What are the prime factors of 486324798?
2, 3, 19, 173, 24659
List the prime factors of 1927238999.
7, 275319857
List the prime factors of 152498560.
2, 5, 19, 12541
What are the prime factors of 131014843?
131014843
List the prime factors of 349623051.
3, 116541017
What are the prime factors of 40789875?
3, 5, 7, 41, 379
List the prime factors of 83272916.
2, 20818229
What are the prime factors of 554571087?
3, 7, 2617, 10091
What are the prime factors of 255719417?
255719417
What are the prime factors of 6792600?
2, 3, 5, 11321
List the prime factors of 131149007.
11, 197, 60521
What are the prime factors of 1162443782?
2, 17, 23, 1486501
List the prime factors of 800838248.
2, 7, 29, 493127
What are the prime factors of 25926706?
2, 13, 547, 1823
What are the prime factors of 282037556?
2, 70509389
List the prime factors of 46845434.
2, 23, 239, 4261
What are the prime factors of 73369289?
7, 1913, 5479
What are the prime factors of 84500607?
3, 28166869
What are the prime factors of 47414666?
2, 13, 17, 107273
List the prime factors of 53872314.
2, 3, 29, 191, 1621
What are the prime factors of 59289008?
2, 167, 22189
What are the prime factors of 207724466?
2, 877, 118429
What are the prime factors of 26049232?
2, 11, 89, 1663
List the prime factors of 124089770.
2, 5, 7, 1772711
List the prime factors of 1189852265.
5, 7, 33995779
List the prime factors of 4376470017.
3, 1458823339
What are the prime factors of 162656705?
5, 32531341
What are the prime factors of 1618057259?
7, 13, 199, 449
List the prime factors of 75222345.
3, 5, 11, 59, 7727
List the prime factors of 2014885611.
3, 17, 1463243
List the prime factors of 641363242.
2, 13, 24667817
What are the prime factors of 5655108824?
2, 79, 661, 13537
List the prime factors of 213828076.
2, 7, 11, 53, 13099
List the prime factors of 5081973.
3, 13, 130307
List the prime factors of 2308502964.
2, 3, 17, 19, 37, 16097
List the prime factors of 155765967.
3, 7, 37, 307, 653
What are the prime factors of 50360348?
2, 12590087
List the prime factors of 59170584.
2, 3, 11, 224131
List the prime factors of 3020162102.
2, 9241, 163411
List the prime factors of 382117636.
2, 17, 113, 223
List the prime factors of 792288214.
2, 396144107
List the prime factors of 28652280.
2, 3, 5, 113, 2113
What are the prime factors of 774846623?
774846623
List the prime factors of 16316098.
2, 19, 139, 3089
What are the prime factors of 143880530?
2, 5, 1619, 8887
What are the prime factors of 598375571?
17, 3301, 10663
List the prime factors of 29091157.
73, 398509
What are the prime factors of 35588701?
17, 2093453
What are the prime factors of 15019387?
15019387
List the prime factors of 48369202.
2, 7, 3454943
What are the prime factors of 113440757?
113440757
List the prime factors of 3520056008.
2, 7, 62858143
List the prime factors of 184356039.
3, 7, 31, 503, 563
What are the prime factors of 144400573?
31, 1861, 2503
What are the prime factors of 527807438?
2, 12241, 21559
List the prime factors of 796521679.
796521679
What are the prime factors of 296396762?
2, 29, 5110289
What are the prime factors of 60471212?
2, 179, 84457
List the prime factors of 900215239.
7, 11, 23, 661, 769
List the prime factors of 702549876.
2, 3, 7, 8363689
What are the prime factors of 4075560?
2, 3, 5, 11321
What are the prime factors of 292832195?
5, 5669, 10331
What are the prime factors of 253555483?
253555483
What are the prime factors of 124590312?
2, 3, 7, 11, 227
List the prime factors of 6996026